{"id":47,"date":"2011-07-31T13:48:12","date_gmt":"2011-07-31T13:48:12","guid":{"rendered":"http:\/\/steyer-art.flasht.de\/SAWP\/?page_id=47"},"modified":"2019-01-17T14:08:12","modified_gmt":"2019-01-17T14:08:12","slug":"about","status":"publish","type":"page","link":"https:\/\/steyer-art.com\/?page_id=47","title":{"rendered":"About"},"content":{"rendered":"<p style=\"text-align: center;\">ngg_shortcode_0_placeholder<\/p>\n<p style=\"text-align: center;\">E-Mail: Steyer-Art@gmx.net<\/p>\n<p style=\"text-align: center;\">Name: Dieter Senf \/\/&nbsp;04.09.1986 (Slovenia\/Ptuj)<\/p>\n<p style=\"text-align: center;\">From: Oberhausen (Nordrhein Westfalen\/Deutschland)<\/p>\n<p style=\"text-align: center;\">.<\/p>\n<p style=\"text-align: center;\">Canon EOS 350D<\/p>\n<p style=\"text-align: center;\">Canon EOS 70D<\/p>\n<p style=\"text-align: center;\">&#8211; Canon EF-S 18-55mm 3.5-5.6 (Kit) + Retro Adapter<\/p>\n<p style=\"text-align: center;\">&#8211; Walimex Pro 14mm 2.8<\/p>\n<p style=\"text-align: center;\">&#8211; Tamron AF SP 70-300mm 4-5.6 Di VC USD<\/p>\n<p style=\"text-align: center;\">&#8211; Tamron AF 28-300mm 3.5-6.3 XR Di LD IF Makro (A061E)<\/p>\n<p style=\"text-align: center;\">.<\/p>\n<p style=\"text-align: center;\">Copyright Info &amp;&nbsp;Disclaimer<\/p>\n<p style=\"text-align: center;\">Das Copyright f\u00fcr ver\u00f6ffentlichte, von Steyer-Art selbst erstellte<br \/>\nObjekte bleibt allein bei Dieter Senf&nbsp;wenn nicht anders gekennzeichnet.<br \/>\nDas ver\u00e4ndern der Inhalte und kommerzieller gebrauch (Wallpaper, Galleriebilder, etc.)ist nur durch die Erlaubnis von Dieter Senf gestattet.<\/p>\n<p style=\"text-align: center;\">Auf der Website verwendete Firmen- und Produktnamen, Firmenlogos und Grafiken sind Warenzeichen ihrer jeweilig registrierten Eigent\u00fcmer.<\/p>\n<p style=\"text-align: center;\">.<\/p>\n<h3 style=\"text-align: center;\">Haftung f\u00fcr Links<\/h3>\n<p style=\"text-align: center;\">Meine Seiten enthalten Links auf externe Webseiten Dritter. Auf die Inhalte dieser direkt oder indirekt verlinkten Webseiten habe ich keinen Einfluss. F\u00fcr die Richtigkeit der Inhalte ist immer der jeweilige Anbieter oder Betreiber verantwortlich, weshalb ich diesbez\u00fcglich keinerlei Gew\u00e4hr \u00fcbernehme.<\/p>\n<p style=\"text-align: center;\">.<\/p>\n<p style=\"text-align: center;\">&gt; <a title=\"Impresum\" href=\"https:\/\/steyer-art.com\/?page_id=107\">Impressum<\/a> &lt;<\/p>\n<p>&nbsp;<\/p>\n","protected":false},"excerpt":{"rendered":"<p>E-Mail: Steyer-Art@gmx.net Name: Dieter Senf \/\/&nbsp;04.09.1986 (Slovenia\/Ptuj) From: Oberhausen (Nordrhein Westfalen\/Deutschland) . Canon EOS 350D Canon EOS 70D &#8211; Canon EF-S 18-55mm 3.5-5.6 (Kit) + Retro Adapter &#8211; Walimex Pro 14mm 2.8 &#8211; Tamron AF SP 70-300mm 4-5.6 Di VC USD &#8211; Tamron AF 28-300mm 3.5-6.3 XR Di LD IF Makro (A061E) . Copyright Info&#8230;<\/p>\n","protected":false},"author":1,"featured_media":0,"parent":0,"menu_order":3,"comment_status":"closed","ping_status":"closed","template":"","meta":{"ngg_post_thumbnail":0,"footnotes":""},"class_list":["post-47","page","type-page","status-publish","hentry"],"_links":{"self":[{"href":"https:\/\/steyer-art.com\/index.php?rest_route=\/wp\/v2\/pages\/47","targetHints":{"allow":["GET"]}}],"collection":[{"href":"https:\/\/steyer-art.com\/index.php?rest_route=\/wp\/v2\/pages"}],"about":[{"href":"https:\/\/steyer-art.com\/index.php?rest_route=\/wp\/v2\/types\/page"}],"author":[{"embeddable":true,"href":"https:\/\/steyer-art.com\/index.php?rest_route=\/wp\/v2\/users\/1"}],"replies":[{"embeddable":true,"href":"https:\/\/steyer-art.com\/index.php?rest_route=%2Fwp%2Fv2%2Fcomments&post=47"}],"version-history":[{"count":29,"href":"https:\/\/steyer-art.com\/index.php?rest_route=\/wp\/v2\/pages\/47\/revisions"}],"predecessor-version":[{"id":569,"href":"https:\/\/steyer-art.com\/index.php?rest_route=\/wp\/v2\/pages\/47\/revisions\/569"}],"wp:attachment":[{"href":"https:\/\/steyer-art.com\/index.php?rest_route=%2Fwp%2Fv2%2Fmedia&parent=47"}],"curies":[{"name":"wp","href":"https:\/\/api.w.org\/{rel}","templated":true}]}}